{"id":32,"date":"2020-08-28T20:58:55","date_gmt":"2020-08-28T18:58:55","guid":{"rendered":"http:\/\/lamanne.info\/?page_id=32"},"modified":"2020-09-10T11:45:09","modified_gmt":"2020-09-10T09:45:09","slug":"le-systeme-menadel","status":"publish","type":"page","link":"https:\/\/lamanne.info\/index.php\/le-systeme-menadel\/","title":{"rendered":"Le syst\u00e8me M\u00e9nadel"},"content":{"rendered":"\n<figure class=\"wp-block-image size-large\"><img loading=\"lazy\" width=\"1024\" height=\"768\" src=\"https:\/\/lamanne.info\/wp-content\/uploads\/2020\/09\/4B95B37D-16C9-4772-A21D-9544CDC3AAFA_1_105_c.jpeg\" alt=\"\" class=\"wp-image-77\" srcset=\"https:\/\/lamanne.info\/wp-content\/uploads\/2020\/09\/4B95B37D-16C9-4772-A21D-9544CDC3AAFA_1_105_c.jpeg 1024w, https:\/\/lamanne.info\/wp-content\/uploads\/2020\/09\/4B95B37D-16C9-4772-A21D-9544CDC3AAFA_1_105_c-300x225.jpeg 300w, https:\/\/lamanne.info\/wp-content\/uploads\/2020\/09\/4B95B37D-16C9-4772-A21D-9544CDC3AAFA_1_105_c-768x576.jpeg 768w\" sizes=\"(max-width: 767px) 89vw, (max-width: 1000px) 54vw, (max-width: 1071px) 543px, 580px\" \/><\/figure>\n\n\n\n<p><em>D\u00e9couvrez <a rel=\"noreferrer noopener\" href=\"https:\/\/www.youtube.com\/watch?v=_D5WIho4YC8&amp;feature=youtu.be&amp;list=PLPsfyXgg9EE9H_zxa76olhcKK92UDU4m7\" target=\"_blank\">ici<\/a> une courte vid\u00e9o de pr\u00e9sentation de M\u00e9nadel (dans le cadre du Budget Citoyen 2020)<\/em><\/p>\n\n\n\n<p>Chacun a quelque chose \u00e0 apporter, ne serait-ce qu\u2019un peu de temps&#8230;<br>Vous aimez fabriquer des objets en papier m\u00e2ch\u00e9 ? Rejoignez-nous, animer un atelier et gagnez de la MANNE !<br>Vous avez la main verte et l&#8217;envie de partager vos astuces pour prendre soin des plantes d&#8217;int\u00e9rieur ? Rejoignez-nous, animer un atelier et gagnez de la MANNE !<br><br>Vous souhaitez participer \u00e0 la vie quotidienne de notre association ? Rejoignez-nous, aidez-nous en d\u00e9coupant ou cousant le tissu de nos futurs torchons et serviettes ! Donnez-nous un coup de main pour r\u00e9colter et d\u00e9sherber sur nos sites de production de fruits et l\u00e9gumes bio ! L\u00e0 aussi vous gagnerez de la MANNE<br><br>Pour que son \u00e9co-syst\u00e8me local incarne la transition \u00e9cologique et sociale de l\u2019\u00e9conomie, Les Anges Gardins cr\u00e9ent en 2018 le syst\u00e8me \u201c<a rel=\"noreferrer noopener\" href=\"http:\/\/www.menadel.fr\" data-type=\"URL\" data-id=\"www.menadel.fr\" target=\"_blank\">M\u00e9nadel<\/a>\u201d,<strong> syst\u00e8me d\u2019\u00e9change de savoir faire et de talents<\/strong>, qui permet d\u2019\u00e9changer des services entre usagers.<br>\u201cM\u00e9nadel\u201d signifie \u201cMaison d\u2019\u00e9changes en vue d\u2019une meilleure alimentation et du d\u00e9veloppement \u00e9conomique local\u201d.<br>M\u00e9nadel favorise l\u2019implication des habitants dans le processus de reconqu\u00eate des grandes fonctionnalit\u00e9 de la vie (la sant\u00e9, l&#8217;activit\u00e9, le travail, la nature, l&#8217;attention aux autres, l&#8217;alimentation&#8230;).<\/p>\n\n\n\n<p>Chacun, selon ses savoirs et possibilit\u00e9s, peut offrir des services aux autres et inversement. Ensemble, nous pouvons r\u00e9pondre \u00e0 de nombreux besoins\u00a0!<\/p>\n\n\n\n<p>L\u2019id\u00e9e est de cr\u00e9er et d\u00e9velopper un innovant syst\u00e8me d\u2019\u00e9changes de services, combin\u00e9 \u00e0 des actions coop\u00e9ratives, pour permettre \u00e0 chacun de <strong>s\u2019engager dans des actions dont la valeur soci\u00e9tale<\/strong> (bien vivre alimentaire, emploi, biodiversit\u00e9, lien social&#8230;) <strong>n\u2019a pas de prix<\/strong>.<br>La MANNE a \u00e9t\u00e9 cr\u00e9\u00e9e afin de r\u00e9gir ce syst\u00e8me, c&#8217;est un marqueur d&#8217;\u00e9changes.<\/p>\n\n\n\n<figure class=\"wp-block-image size-large\"><img loading=\"lazy\" width=\"1024\" height=\"768\" src=\"https:\/\/lamanne.info\/wp-content\/uploads\/2020\/09\/FD6B5963-D032-495E-84C6-B28CA447B90B_1_105_c.jpeg\" alt=\"\" class=\"wp-image-78\" srcset=\"https:\/\/lamanne.info\/wp-content\/uploads\/2020\/09\/FD6B5963-D032-495E-84C6-B28CA447B90B_1_105_c.jpeg 1024w, https:\/\/lamanne.info\/wp-content\/uploads\/2020\/09\/FD6B5963-D032-495E-84C6-B28CA447B90B_1_105_c-300x225.jpeg 300w, https:\/\/lamanne.info\/wp-content\/uploads\/2020\/09\/FD6B5963-D032-495E-84C6-B28CA447B90B_1_105_c-768x576.jpeg 768w\" sizes=\"(max-width: 767px) 89vw, (max-width: 1000px) 54vw, (max-width: 1071px) 543px, 580px\" \/><\/figure>\n\n\n\n<p>Engag\u00e9 dans une action coop\u00e9rative, ce temps va permettre \u00e0 des projets d\u2019avancer, \u00e0 des personnes de faire connaissance, de partager une activit\u00e9. C&#8217;est alors une nouvelle dynamique qui se met en place dans la vie quotidienne de chacun.<\/p>\n\n\n\n<p><strong><em>+ d&#8217;infos sur M\u00e9nadel <a href=\"https:\/\/menadel.fr\/\" data-type=\"URL\" data-id=\"https:\/\/menadel.fr\/\" target=\"_blank\" rel=\"noreferrer noopener\">ici<\/a><\/em><\/strong><\/p>\n","protected":false},"excerpt":{"rendered":"<p>D\u00e9couvrez ici une courte vid\u00e9o de pr\u00e9sentation de M\u00e9nadel (dans le cadre du Budget Citoyen 2020) Chacun a quelque chose \u00e0 apporter, ne serait-ce qu\u2019un peu de temps&#8230;Vous aimez fabriquer des objets en papier m\u00e2ch\u00e9 ? Rejoignez-nous, animer un atelier et gagnez de la MANNE !Vous avez la main verte et l&#8217;envie de partager vos &hellip; <\/p>\n<p class=\"link-more\"><a href=\"https:\/\/lamanne.info\/index.php\/le-systeme-menadel\/\" class=\"more-link\">Continue reading<span class=\"screen-reader-text\"> &#8220;Le syst\u00e8me M\u00e9nadel&#8221;<\/span><\/a><\/p>\n","protected":false},"author":1,"featured_media":0,"parent":0,"menu_order":0,"comment_status":"closed","ping_status":"closed","template":"","meta":[],"_links":{"self":[{"href":"https:\/\/lamanne.info\/index.php\/wp-json\/wp\/v2\/pages\/32"}],"collection":[{"href":"https:\/\/lamanne.info\/index.php\/wp-json\/wp\/v2\/pages"}],"about":[{"href":"https:\/\/lamanne.info\/index.php\/wp-json\/wp\/v2\/types\/page"}],"author":[{"embeddable":true,"href":"https:\/\/lamanne.info\/index.php\/wp-json\/wp\/v2\/users\/1"}],"replies":[{"embeddable":true,"href":"https:\/\/lamanne.info\/index.php\/wp-json\/wp\/v2\/comments?post=32"}],"version-history":[{"count":9,"href":"https:\/\/lamanne.info\/index.php\/wp-json\/wp\/v2\/pages\/32\/revisions"}],"predecessor-version":[{"id":110,"href":"https:\/\/lamanne.info\/index.php\/wp-json\/wp\/v2\/pages\/32\/revisions\/110"}],"wp:attachment":[{"href":"https:\/\/lamanne.info\/index.php\/wp-json\/wp\/v2\/media?parent=32"}],"curies":[{"name":"wp","href":"https:\/\/api.w.org\/{rel}","templated":true}]}}

Le système Ménadel

<figure class="wp-block-image size-large"><img loading="lazy" width="1024" height="768" src="https://lamanne.info/wp-content/uploads/2020/09/4B95B37D-16C9-4772-A21D-9544CDC3AAFA_1_105_c.jpeg" alt="" class="wp-image-77" srcset="https://lamanne.info/wp-content/uploads/2020/09/4B95B37D-16C9-4772-A21D-9544CDC3AAFA_1_105_c.jpeg 1024w, https://lamanne.info/wp-content/uploads/2020/09/4B95B37D-16C9-4772-A21D-9544CDC3AAFA_1_105_c-300x225.jpeg 300w, https://lamanne.info/wp-content/uploads/2020/09/4B95B37D-16C9-4772-A21D-9544CDC3AAFA_1_105_c-768x576.jpeg 768w" sizes="(max-width: 767px) 89vw, (max-width: 1000px) 54vw, (max-width: 1071px) 543px, 580px" /></figure>



<p><em>Découvrez <a rel="noreferrer noopener" href="https://www.youtube.com/watch?v=_D5WIho4YC8&amp;feature=youtu.be&amp;list=PLPsfyXgg9EE9H_zxa76olhcKK92UDU4m7" target="_blank">ici</a> une courte vidéo de présentation de Ménadel (dans le cadre du Budget Citoyen 2020)</em></p>



<p>Chacun a quelque chose à apporter, ne serait-ce qu’un peu de temps&#8230;<br>Vous aimez fabriquer des objets en papier mâché ? Rejoignez-nous, animer un atelier et gagnez de la MANNE !<br>Vous avez la main verte et l&#8217;envie de partager vos astuces pour prendre soin des plantes d&#8217;intérieur ? Rejoignez-nous, animer un atelier et gagnez de la MANNE !<br><br>Vous souhaitez participer à la vie quotidienne de notre association ? Rejoignez-nous, aidez-nous en découpant ou cousant le tissu de nos futurs torchons et serviettes ! Donnez-nous un coup de main pour récolter et désherber sur nos sites de production de fruits et légumes bio ! Là aussi vous gagnerez de la MANNE<br><br>Pour que son éco-système local incarne la transition écologique et sociale de l’économie, Les Anges Gardins créent en 2018 le système “<a rel="noreferrer noopener" href="http://www.menadel.fr" data-type="URL" data-id="www.menadel.fr" target="_blank">Ménadel</a>”,<strong> système d’échange de savoir faire et de talents</strong>, qui permet d’échanger des services entre usagers.<br>“Ménadel” signifie “Maison d’échanges en vue d’une meilleure alimentation et du développement économique local”.<br>Ménadel favorise l’implication des habitants dans le processus de reconquête des grandes fonctionnalité de la vie (la santé, l&#8217;activité, le travail, la nature, l&#8217;attention aux autres, l&#8217;alimentation&#8230;).</p>



<p>Chacun, selon ses savoirs et possibilités, peut offrir des services aux autres et inversement. Ensemble, nous pouvons répondre à de nombreux besoins !</p>



<p>L’idée est de créer et développer un innovant système d’échanges de services, combiné à des actions coopératives, pour permettre à chacun de <strong>s’engager dans des actions dont la valeur sociétale</strong> (bien vivre alimentaire, emploi, biodiversité, lien social&#8230;) <strong>n’a pas de prix</strong>.<br>La MANNE a été créée afin de régir ce système, c&#8217;est un marqueur d&#8217;échanges.</p>



<figure class="wp-block-image size-large"><img loading="lazy" width="1024" height="768" src="https://lamanne.info/wp-content/uploads/2020/09/FD6B5963-D032-495E-84C6-B28CA447B90B_1_105_c.jpeg" alt="" class="wp-image-78" srcset="https://lamanne.info/wp-content/uploads/2020/09/FD6B5963-D032-495E-84C6-B28CA447B90B_1_105_c.jpeg 1024w, https://lamanne.info/wp-content/uploads/2020/09/FD6B5963-D032-495E-84C6-B28CA447B90B_1_105_c-300x225.jpeg 300w, https://lamanne.info/wp-content/uploads/2020/09/FD6B5963-D032-495E-84C6-B28CA447B90B_1_105_c-768x576.jpeg 768w" sizes="(max-width: 767px) 89vw, (max-width: 1000px) 54vw, (max-width: 1071px) 543px, 580px" /></figure>



<p>Engagé dans une action coopérative, ce temps va permettre à des projets d’avancer, à des personnes de faire connaissance, de partager une activité. C&#8217;est alors une nouvelle dynamique qui se met en place dans la vie quotidienne de chacun.</p>



<p><strong><em>+ d&#8217;infos sur Ménadel <a href="https://menadel.fr/" data-type="URL" data-id="https://menadel.fr/" target="_blank" rel="noreferrer noopener">ici</a></em></strong></p>

<p>Découvrez ici une courte vidéo de présentation de Ménadel (dans le cadre du Budget Citoyen 2020) Chacun a quelque chose à apporter, ne serait-ce qu’un peu de temps&#8230;Vous aimez fabriquer des objets en papier mâché ? Rejoignez-nous, animer un atelier et gagnez de la MANNE !Vous avez la main verte et l&#8217;envie de partager vos &hellip; </p>
<p class="link-more"><a href="https://lamanne.info/index.php/le-systeme-menadel/" class="more-link">Continue reading<span class="screen-reader-text"> &#8220;Le système Ménadel&#8221;</span></a></p>
